[INFO] cloning repository https://github.com/romainbellande/rust-hyper-jsonapi
[INFO] running `Command { std: "git" "-c" "credential.helper=" "-c" "credential.helper=/workspace/cargo-home/bin/git-credential-null" "clone" "--bare" "https://github.com/romainbellande/rust-hyper-jsonapi" "/workspace/cache/git-repos/https%3A%2F%2Fgithub.com%2Fromainbellande%2Frust-hyper-jsonapi", kill_on_drop: false }`
[INFO] [stderr] Cloning into bare repository '/workspace/cache/git-repos/https%3A%2F%2Fgithub.com%2Fromainbellande%2Frust-hyper-jsonapi'...
[INFO] running `Command { std: "git" "rev-parse" "HEAD", kill_on_drop: false }`
[INFO] [stdout] 610e9fa063204a3cb3c38078c6d510da82e6f168
[INFO] checking romainbellande/rust-hyper-jsonapi against master#af3c6e733a40e671550e0f0f5aeecaa13772ba56 for pr-74989
[INFO] running `Command { std: "git" "clone" "/workspace/cache/git-repos/https%3A%2F%2Fgithub.com%2Fromainbellande%2Frust-hyper-jsonapi" "/workspace/builds/worker-10/source", kill_on_drop: false }`
[INFO] [stderr] Cloning into '/workspace/builds/worker-10/source'...
[INFO] [stderr] done.
[INFO] validating manifest of git repo https://github.com/romainbellande/rust-hyper-jsonapi on toolchain af3c6e733a40e671550e0f0f5aeecaa13772ba56
[INFO] running `Command { std: "/workspace/cargo-home/bin/cargo" "+af3c6e733a40e671550e0f0f5aeecaa13772ba56" "read-manifest" "--manifest-path" "Cargo.toml", kill_on_drop: false }`
[INFO] started tweaking git repo https://github.com/romainbellande/rust-hyper-jsonapi
[INFO] removed path dependency japi from git repo https://github.com/romainbellande/rust-hyper-jsonapi
[INFO] finished tweaking git repo https://github.com/romainbellande/rust-hyper-jsonapi
[INFO] tweaked toml for git repo https://github.com/romainbellande/rust-hyper-jsonapi written to /workspace/builds/worker-10/source/Cargo.toml
[INFO] crate git repo https://github.com/romainbellande/rust-hyper-jsonapi already has a lockfile, it will not be regenerated
[INFO] running `Command { std: "/workspace/cargo-home/bin/cargo" "+af3c6e733a40e671550e0f0f5aeecaa13772ba56" "fetch" "--locked" "--manifest-path" "Cargo.toml", kill_on_drop: false }`
[INFO] [stderr] warning: dependency (japi) specified without providing a local path, Git repository, or version to use. This will be considered an error in future versions
[INFO] [stderr]     Blocking waiting for file lock on package cache
[INFO] [stderr]     Updating crates.io index
[INFO] [stderr] error: the lock file /workspace/builds/worker-10/source/Cargo.lock needs to be updated but --locked was passed to prevent this
[INFO] [stderr] If you want to try to generate the lock file without accessing the network, use the --offline flag.
[INFO] the lockfile is outdated, regenerating it
[INFO] running `Command { std: "/workspace/cargo-home/bin/cargo" "+af3c6e733a40e671550e0f0f5aeecaa13772ba56" "generate-lockfile" "--manifest-path" "Cargo.toml" "-Zno-index-update", kill_on_drop: false }`
[INFO] running `Command { std: "/workspace/cargo-home/bin/cargo" "+af3c6e733a40e671550e0f0f5aeecaa13772ba56" "fetch" "--locked" "--manifest-path" "Cargo.toml", kill_on_drop: false }`
[INFO] [stderr] warning: dependency (japi) specified without providing a local path, Git repository, or version to use. This will be considered an error in future versions
[INFO] running `Command { std: "docker" "create" "-v" "/var/lib/crater-agent-workspace/builds/worker-10/target:/opt/rustwide/target:rw,Z" "-v" "/var/lib/crater-agent-workspace/builds/worker-10/source:/opt/rustwide/workdir:ro,Z" "-v" "/var/lib/crater-agent-workspace/cargo-home:/opt/rustwide/cargo-home:ro,Z" "-v" "/var/lib/crater-agent-workspace/rustup-home:/opt/rustwide/rustup-home:ro,Z" "-e" "SOURCE_DIR=/opt/rustwide/workdir" "-e" "CARGO_TARGET_DIR=/opt/rustwide/target" "-e" "CARGO_HOME=/opt/rustwide/cargo-home" "-e" "RUSTUP_HOME=/opt/rustwide/rustup-home" "-w" "/opt/rustwide/workdir" "-m" "1610612736" "--user" "0:0" "--network" "none" "rustops/crates-build-env@sha256:d92eaeed33fa75130ca1ee6c8a01d1ffb62bac859dfdfb3450e3e5d1c0146529" "/opt/rustwide/cargo-home/bin/cargo" "+af3c6e733a40e671550e0f0f5aeecaa13772ba56" "metadata" "--no-deps" "--format-version=1", kill_on_drop: false }`
[INFO] [stdout] 9e301fe64c2a5dabc3e168f8dd907d35fdd3743ad8399a28355dbeb7eed53b80
[INFO] [stderr] WARNING: Your kernel does not support swap limit capabilities or the cgroup is not mounted. Memory limited without swap.
[INFO] running `Command { std: "docker" "start" "-a" "9e301fe64c2a5dabc3e168f8dd907d35fdd3743ad8399a28355dbeb7eed53b80", kill_on_drop: false }`
[INFO] running `Command { std: "docker" "inspect" "9e301fe64c2a5dabc3e168f8dd907d35fdd3743ad8399a28355dbeb7eed53b80", kill_on_drop: false }`
[INFO] running `Command { std: "docker" "rm" "-f" "9e301fe64c2a5dabc3e168f8dd907d35fdd3743ad8399a28355dbeb7eed53b80", kill_on_drop: false }`
[INFO] [stdout] 9e301fe64c2a5dabc3e168f8dd907d35fdd3743ad8399a28355dbeb7eed53b80
[INFO] running `Command { std: "docker" "create" "-v" "/var/lib/crater-agent-workspace/builds/worker-10/target:/opt/rustwide/target:rw,Z" "-v" "/var/lib/crater-agent-workspace/builds/worker-10/source:/opt/rustwide/workdir:ro,Z" "-v" "/var/lib/crater-agent-workspace/cargo-home:/opt/rustwide/cargo-home:ro,Z" "-v" "/var/lib/crater-agent-workspace/rustup-home:/opt/rustwide/rustup-home:ro,Z" "-e" "SOURCE_DIR=/opt/rustwide/workdir" "-e" "CARGO_TARGET_DIR=/opt/rustwide/target" "-e" "CARGO_INCREMENTAL=0" "-e" "RUST_BACKTRACE=full" "-e" "RUSTFLAGS=--cap-lints=forbid" "-e" "CARGO_HOME=/opt/rustwide/cargo-home" "-e" "RUSTUP_HOME=/opt/rustwide/rustup-home" "-w" "/opt/rustwide/workdir" "-m" "1610612736" "--user" "0:0" "--network" "none" "rustops/crates-build-env@sha256:d92eaeed33fa75130ca1ee6c8a01d1ffb62bac859dfdfb3450e3e5d1c0146529" "/opt/rustwide/cargo-home/bin/cargo" "+af3c6e733a40e671550e0f0f5aeecaa13772ba56" "check" "--frozen" "--all" "--all-targets" "--message-format=json", kill_on_drop: false }`
[INFO] [stdout] 5e62d40fc4770e971fcd640c4b38871600278597f27a7b98db539a234d2845bc
[INFO] [stderr] WARNING: Your kernel does not support swap limit capabilities or the cgroup is not mounted. Memory limited without swap.
[INFO] running `Command { std: "docker" "start" "-a" "5e62d40fc4770e971fcd640c4b38871600278597f27a7b98db539a234d2845bc", kill_on_drop: false }`
[INFO] [stderr] warning: dependency (japi) specified without providing a local path, Git repository, or version to use. This will be considered an error in future versions
[INFO] [stderr]    Compiling autocfg v1.0.1
[INFO] [stderr]    Compiling byteorder v1.3.4
[INFO] [stderr]     Checking futures v0.1.29
[INFO] [stderr]    Compiling syn v1.0.41
[INFO] [stderr]    Compiling log v0.4.11
[INFO] [stderr]     Checking fnv v1.0.7
[INFO] [stderr]     Checking itoa v0.4.6
[INFO] [stderr]    Compiling unicode-xid v0.0.4
[INFO] [stderr]    Compiling serde_json v1.0.57
[INFO] [stderr]    Compiling quote v0.3.15
[INFO] [stderr]    Compiling lazy_static v1.4.0
[INFO] [stderr]    Compiling cfg-if v0.1.10
[INFO] [stderr]     Checking adler v0.2.3
[INFO] [stderr]    Compiling rustc-demangle v0.1.16
[INFO] [stderr]     Checking gimli v0.22.0
[INFO] [stderr]     Checking object v0.20.0
[INFO] [stderr]     Checking ucd-util v0.1.8
[INFO] [stderr]    Compiling bitflags v0.9.1
[INFO] [stderr]     Checking utf8-ranges v1.0.4
[INFO] [stderr]     Checking try-lock v0.2.3
[INFO] [stderr]     Checking thread_local v0.3.6
[INFO] [stderr]     Checking lock_api v0.4.1
[INFO] [stderr]    Compiling synom v0.11.3
[INFO] [stderr]    Compiling libc v0.2.77
[INFO] [stderr]    Compiling memchr v2.3.3
[INFO] [stderr]     Checking regex-syntax v0.5.6
[INFO] [stderr]    Compiling ryu v1.0.5
[INFO] [stderr]     Checking iovec v0.1.4
[INFO] [stderr]     Checking net2 v0.2.35
[INFO] [stderr]     Checking parking_lot_core v0.8.0
[INFO] [stderr]     Checking time v0.1.44
[INFO] [stderr]    Compiling parking_lot_core v0.6.2
[INFO] [stderr]    Compiling parking_lot v0.9.0
[INFO] [stderr]    Compiling hyper v0.12.35
[INFO] [stderr]     Checking aho-corasick v0.6.10
[INFO] [stderr]    Compiling syn v0.11.11
[INFO] [stderr]    Compiling crossbeam-utils v0.7.2
[INFO] [stderr]    Compiling miniz_oxide v0.4.2
[INFO] [stderr]    Compiling memoffset v0.5.5
[INFO] [stderr]    Compiling crossbeam-epoch v0.8.2
[INFO] [stderr]    Compiling indexmap v1.6.0
[INFO] [stderr]     Checking parking_lot v0.11.0
[INFO] [stderr]     Checking mio v0.6.22
[INFO] [stderr]    Compiling regex v0.2.11
[INFO] [stderr]     Checking scheduled-thread-pool v0.2.5
[INFO] [stderr]     Checking bytes v0.4.12
[INFO] [stderr]    Compiling diesel v0.16.0
[INFO] [stderr]     Checking r2d2 v0.8.9
[INFO] [stderr]     Checking tokio-sync v0.1.8
[INFO] [stderr]     Checking want v0.2.0
[INFO] [stderr]     Checking futures-cpupool v0.1.8
[INFO] [stderr]     Checking tokio-executor v0.1.10
[INFO] [stderr]     Checking crossbeam-queue v0.2.3
[INFO] [stderr]    Compiling backtrace v0.3.50
[INFO] [stderr]     Checking tokio-io v0.1.13
[INFO] [stderr]     Checking http v0.1.21
[INFO] [stderr]     Checking string v0.2.1
[INFO] [stderr]     Checking tokio-buf v0.1.1
[INFO] [stderr]     Checking tokio-current-thread v0.1.7
[INFO] [stderr]     Checking tokio-timer v0.2.13
[INFO] [stderr]     Checking crossbeam-deque v0.7.3
[INFO] [stderr]     Checking tokio-threadpool v0.1.18
[INFO] [stderr]     Checking tokio-reactor v0.1.12
[INFO] [stderr]    Compiling error-chain v0.10.0
[INFO] [stderr]     Checking addr2line v0.13.0
[INFO] [stderr]     Checking tokio-tcp v0.1.4
[INFO] [stderr]     Checking tokio v0.1.22
[INFO] [stderr]    Compiling derive-error-chain v0.10.1
[INFO] [stderr]     Checking http-body v0.1.0
[INFO] [stderr]     Checking h2 v0.1.26
[INFO] [stderr]    Compiling diesel_infer_schema v0.16.0
[INFO] [stderr]    Compiling dotenv v0.10.1
[INFO] [stderr]    Compiling serde_derive v1.0.116
[INFO] [stderr]    Compiling diesel_derives v1.4.1
[INFO] [stderr]     Checking serde v1.0.116
[INFO] [stderr]     Checking uuid v0.6.5
[INFO] [stderr]     Checking envy v0.3.3
[INFO] [stderr]     Checking diesel v1.4.5
[INFO] [stderr]     Checking japi v0.3.2
[INFO] [stderr]    Compiling diesel_codegen v0.16.1
[INFO] [stderr]     Checking r2d2-diesel v1.0.0
[INFO] [stderr]     Checking jsonapi-rust v0.1.0 (/opt/rustwide/workdir)
[INFO] [stdout] error[E0432]: unresolved import `japi::model`
[INFO] [stdout]  --> src/modules/hero/model.rs:6:11
[INFO] [stdout]   |
[INFO] [stdout] 6 | use japi::model::JApiModel;
[INFO] [stdout]   |           ^^^^^ could not find `model` in `japi`
[INFO] [stdout] 
[INFO] [stdout] 
[INFO] [stdout] error[E0432]: unresolved import `japi::japi_model`
[INFO] [stdout]  --> src/modules/hero/model.rs:7:5
[INFO] [stdout]   |
[INFO] [stdout] 7 | use japi::japi_model;
[INFO] [stdout]   |     ^^^^^^^^^^^^^^^^ no `japi_model` in the root
[INFO] [stdout] 
[INFO] [stdout] 
[INFO] [stdout] error[E0432]: unresolved import `japi::api`
[INFO] [stdout]   --> src/modules/hero/controller.rs:10:11
[INFO] [stdout]    |
[INFO] [stdout] 10 | use japi::api::{DocumentDto};
[INFO] [stdout]    |           ^^^ could not find `api` in `japi`
[INFO] [stdout] 
[INFO] [stdout] 
[INFO] [stdout] error[E0432]: unresolved import `japi::model`
[INFO] [stdout]   --> src/modules/hero/controller.rs:11:11
[INFO] [stdout]    |
[INFO] [stdout] 11 | use japi::model::JApiModel;
[INFO] [stdout]    |           ^^^^^ could not find `model` in `japi`
[INFO] [stdout] 
[INFO] [stdout] 
[INFO] [stdout] error[E0432]: unresolved import `japi::controller`
[INFO] [stdout]   --> src/modules/hero/controller.rs:12:11
[INFO] [stdout]    |
[INFO] [stdout] 12 | use japi::controller::Controller;
[INFO] [stdout]    |           ^^^^^^^^^^ could not find `controller` in `japi`
[INFO] [stdout] 
[INFO] [stdout] 
[INFO] [stdout] error[E0432]: unresolved import `japi::query`
[INFO] [stdout]   --> src/modules/hero/controller.rs:13:11
[INFO] [stdout]    |
[INFO] [stdout] 13 | use japi::query::{build_japi_reponse};
[INFO] [stdout]    |           ^^^^^ could not find `query` in `japi`
[INFO] [stdout] 
[INFO] [stdout] 
[INFO] [stdout] error: cannot determine resolution for the macro `japi_model`
[INFO] [stdout]   --> src/modules/hero/model.rs:24:1
[INFO] [stdout]    |
[INFO] [stdout] 24 | japi_model!(Hero; "hero");
[INFO] [stdout]    | ^^^^^^^^^^
[INFO] [stdout]    |
[INFO] [stdout]    = note: import resolution is stuck, try simplifying macro imports
[INFO] [stdout] 
[INFO] [stdout] 
[INFO] [stdout] error[E0432]: unresolved import `japi::model`
[INFO] [stdout]  --> src/modules/hero/model.rs:6:11
[INFO] [stdout]   |
[INFO] [stdout] 6 | use japi::model::JApiModel;
[INFO] [stdout]   |           ^^^^^ could not find `model` in `japi`
[INFO] [stdout] 
[INFO] [stdout] 
[INFO] [stdout] error[E0432]: unresolved import `japi::japi_model`
[INFO] [stdout]  --> src/modules/hero/model.rs:7:5
[INFO] [stdout]   |
[INFO] [stdout] 7 | use japi::japi_model;
[INFO] [stdout]   |     ^^^^^^^^^^^^^^^^ no `japi_model` in the root
[INFO] [stdout] 
[INFO] [stdout] 
[INFO] [stdout] error[E0432]: unresolved import `japi::api`
[INFO] [stdout]   --> src/modules/hero/controller.rs:10:11
[INFO] [stdout]    |
[INFO] [stdout] 10 | use japi::api::{DocumentDto};
[INFO] [stdout]    |           ^^^ could not find `api` in `japi`
[INFO] [stdout] 
[INFO] [stdout] 
[INFO] [stdout] error[E0432]: unresolved import `japi::model`
[INFO] [stdout]   --> src/modules/hero/controller.rs:11:11
[INFO] [stdout]    |
[INFO] [stdout] 11 | use japi::model::JApiModel;
[INFO] [stdout]    |           ^^^^^ could not find `model` in `japi`
[INFO] [stdout] 
[INFO] [stdout] 
[INFO] [stdout] error[E0432]: unresolved import `japi::controller`
[INFO] [stdout]   --> src/modules/hero/controller.rs:12:11
[INFO] [stdout]    |
[INFO] [stdout] 12 | use japi::controller::Controller;
[INFO] [stdout]    |           ^^^^^^^^^^ could not find `controller` in `japi`
[INFO] [stdout] 
[INFO] [stdout] 
[INFO] [stdout] error[E0432]: unresolved import `japi::query`
[INFO] [stdout]   --> src/modules/hero/controller.rs:13:11
[INFO] [stdout]    |
[INFO] [stdout] 13 | use japi::query::{build_japi_reponse};
[INFO] [stdout]    |           ^^^^^ could not find `query` in `japi`
[INFO] [stdout] 
[INFO] [stdout] 
[INFO] [stdout] error: cannot determine resolution for the macro `japi_model`
[INFO] [stdout]   --> src/modules/hero/model.rs:24:1
[INFO] [stdout]    |
[INFO] [stdout] 24 | japi_model!(Hero; "hero");
[INFO] [stdout]    | ^^^^^^^^^^
[INFO] [stdout]    |
[INFO] [stdout]    = note: import resolution is stuck, try simplifying macro imports
[INFO] [stdout] 
[INFO] [stdout] 
[INFO] [stdout] warning: trait objects without an explicit `dyn` are deprecated
[INFO] [stdout]  --> src/helpers.rs:4:26
[INFO] [stdout]   |
[INFO] [stdout] 4 | pub type BoxFuture = Box<Future<Item=Response<Body>, Error=hyper::Error> + Send>;
[INFO] [stdout]   |                          ^^^^^^^^^^^^^^^^^^^^^^^^^^^^^^^^^^^^^^^^^^^^^^^^^^^^^^ help: use `dyn`: `dyn Future<Item=Response<Body>, Error=hyper::Error> + Send`
[INFO] [stdout]   |
[INFO] [stdout]   = note: `#[warn(bare_trait_objects)]` on by default
[INFO] [stdout] 
[INFO] [stdout] 
[INFO] [stdout] warning: trait objects without an explicit `dyn` are deprecated
[INFO] [stdout]  --> src/helpers.rs:4:26
[INFO] [stdout]   |
[INFO] [stdout] 4 | pub type BoxFuture = Box<Future<Item=Response<Body>, Error=hyper::Error> + Send>;
[INFO] [stdout]   |                          ^^^^^^^^^^^^^^^^^^^^^^^^^^^^^^^^^^^^^^^^^^^^^^^^^^^^^^ help: use `dyn`: `dyn Future<Item=Response<Body>, Error=hyper::Error> + Send`
[INFO] [stdout]   |
[INFO] [stdout]   = note: `#[warn(bare_trait_objects)]` on by default
[INFO] [stdout] 
[INFO] [stdout] 
[INFO] [stdout] error[E0599]: no method named `serialize` found for reference `&Hero` in the current scope
[INFO] [stdout]   --> src/modules/hero/controller.rs:17:84
[INFO] [stdout]    |
[INFO] [stdout] 17 |     let serialized_heroes: Vec<_> = Hero::read(&connection).iter().map(|hero| hero.serialize()).collect();
[INFO] [stdout]    |                                                                                    ^^^^^^^^^ method not found in `&Hero`
[INFO] [stdout]    |
[INFO] [stdout]    = help: items from traits can only be used if the trait is in scope
[INFO] [stdout]    = note: the following trait is implemented but not in scope; perhaps add a `use` for it:
[INFO] [stdout]            `use crate::serde::Serialize;`
[INFO] [stdout] 
[INFO] [stdout] 
[INFO] [stdout] error[E0599]: no method named `serialize` found for struct `Hero` in the current scope
[INFO] [stdout]     | 
[INFO] [stdout]    ::: src/modules/hero/model.rs:19:1
[INFO] [stdout]     |
[INFO] [stdout] 19  | pub struct Hero {
[INFO] [stdout]     | --------------- method `serialize` not found for this
[INFO] [stdout]    --> src/modules/hero/controller.rs:29:56
[INFO] [stdout]     |
[INFO] [stdout] 29  |         let data = Hero::create(hero_dto, &connection).serialize();
[INFO] [stdout]     |                                                        ^^^^^^^^^ method not found in `Hero`
[INFO] [stdout]     | 
[INFO] [stdout]    ::: /opt/rustwide/cargo-home/registry/src/github.com-1ecc6299db9ec823/serde-1.0.116/src/ser/mod.rs:247:8
[INFO] [stdout]     |
[INFO] [stdout] 247 |     fn serialize<S>(&self, serializer: S) -> Result<S::Ok, S::Error>
[INFO] [stdout]     |        --------- the method is available for `Box<Hero>` here
[INFO] [stdout]     |
[INFO] [stdout]     = help: items from traits can only be used if the trait is in scope
[INFO] [stdout]     = note: the following trait is implemented but not in scope; perhaps add a `use` for it:
[INFO] [stdout]             `use crate::serde::Serialize;`
[INFO] [stdout] 
[INFO] [stdout] 
[INFO] [stdout] error[E0599]: no method named `serialize` found for reference `&Hero` in the current scope
[INFO] [stdout]   --> src/modules/hero/controller.rs:17:84
[INFO] [stdout]    |
[INFO] [stdout] 17 |     let serialized_heroes: Vec<_> = Hero::read(&connection).iter().map(|hero| hero.serialize()).collect();
[INFO] [stdout]    |                                                                                    ^^^^^^^^^ method not found in `&Hero`
[INFO] [stdout]    |
[INFO] [stdout]    = help: items from traits can only be used if the trait is in scope
[INFO] [stdout]    = note: the following trait is implemented but not in scope; perhaps add a `use` for it:
[INFO] [stdout]            `use crate::serde::Serialize;`
[INFO] [stdout] 
[INFO] [stdout] 
[INFO] [stdout] error: aborting due to 9 previous errors; 1 warning emitted
[INFO] [stdout] 
[INFO] [stdout] 
[INFO] [stdout] Some errors have detailed explanations: E0432, E0599.
[INFO] [stdout] 
[INFO] [stdout] For more information about an error, try `rustc --explain E0432`.
[INFO] [stdout] 
[INFO] [stdout] error[E0599]: no method named `serialize` found for struct `Hero` in the current scope
[INFO] [stdout]     | 
[INFO] [stdout]    ::: src/modules/hero/model.rs:19:1
[INFO] [stdout]     |
[INFO] [stdout] 19  | pub struct Hero {
[INFO] [stdout]     | --------------- method `serialize` not found for this
[INFO] [stdout]    --> src/modules/hero/controller.rs:29:56
[INFO] [stdout]     |
[INFO] [stdout] 29  |         let data = Hero::create(hero_dto, &connection).serialize();
[INFO] [stdout]     |                                                        ^^^^^^^^^ method not found in `Hero`
[INFO] [stdout]     | 
[INFO] [stdout]    ::: /opt/rustwide/cargo-home/registry/src/github.com-1ecc6299db9ec823/serde-1.0.116/src/ser/mod.rs:247:8
[INFO] [stdout]     |
[INFO] [stdout] 247 |     fn serialize<S>(&self, serializer: S) -> Result<S::Ok, S::Error>
[INFO] [stdout]     |        --------- the method is available for `Box<Hero>` here
[INFO] [stdout]     |
[INFO] [stdout]     = help: items from traits can only be used if the trait is in scope
[INFO] [stdout]     = note: the following trait is implemented but not in scope; perhaps add a `use` for it:
[INFO] [stdout]             `use crate::serde::Serialize;`
[INFO] [stdout] 
[INFO] [stdout] 
[INFO] [stderr] error: could not compile `jsonapi-rust`.
[INFO] [stdout] error: aborting due to 9 previous errors; 1 warning emitted
[INFO] [stdout] 
[INFO] [stdout] 
[INFO] [stderr] 
[INFO] [stdout] Some errors have detailed explanations: E0432, E0599.
[INFO] [stdout] 
[INFO] [stderr] To learn more, run the command again with --verbose.
[INFO] [stdout] For more information about an error, try `rustc --explain E0432`.
[INFO] [stdout] 
[INFO] [stderr] warning: build failed, waiting for other jobs to finish...
[INFO] [stderr] error: build failed
[INFO] running `Command { std: "docker" "inspect" "5e62d40fc4770e971fcd640c4b38871600278597f27a7b98db539a234d2845bc", kill_on_drop: false }`
[INFO] running `Command { std: "docker" "rm" "-f" "5e62d40fc4770e971fcd640c4b38871600278597f27a7b98db539a234d2845bc", kill_on_drop: false }`
[INFO] [stdout] 5e62d40fc4770e971fcd640c4b38871600278597f27a7b98db539a234d2845bc
